{"id":3708,"date":"2023-12-18T16:09:42","date_gmt":"2023-12-18T16:09:42","guid":{"rendered":"https:\/\/ostara-france.org\/?post_type=tribe_events&#038;p=3708"},"modified":"2023-12-18T16:31:48","modified_gmt":"2023-12-18T16:31:48","slug":"initiation-a-la-naturopathie-et-a-lherboristerie-2-jours","status":"publish","type":"tribe_events","link":"https:\/\/ostara-france.org\/index.php\/event\/initiation-a-la-naturopathie-et-a-lherboristerie-2-jours\/","title":{"rendered":"Initiation \u00e0 la naturopathie et \u00e0 l\u2019herboristerie &#8211; 2 jours"},"content":{"rendered":"<p>[et_pb_section fb_built=\u00a0\u00bb1&Prime; _builder_version=\u00a0\u00bb3.29.2&Prime; background_color=\u00a0\u00bbrgba(0,0,0,0)\u00a0\u00bb custom_padding=\u00a0\u00bb||46px|||\u00a0\u00bb locked=\u00a0\u00bboff\u00a0\u00bb fb_built=\u00a0\u00bb1&Prime; _i=\u00a0\u00bb0&Prime; _address=\u00a0\u00bb0&Prime;][et_pb_row column_structure=\u00a0\u00bb1_2,1_2&Prime; _builder_version=\u00a0\u00bb3.29.2&Prime; background_color=\u00a0\u00bb#f7f7f7&Prime; width=\u00a0\u00bb96%\u00a0\u00bb min_height=\u00a0\u00bb774px\u00a0\u00bb custom_margin=\u00a0\u00bb-30px||||false|false\u00a0\u00bb custom_padding=\u00a0\u00bb||0px|||\u00a0\u00bb border_radii=\u00a0\u00bbon|5px|5px|5px|5px\u00a0\u00bb box_shadow_style=\u00a0\u00bbpreset1&Prime; box_shadow_vertical=\u00a0\u00bb0px\u00a0\u00bb box_shadow_blur=\u00a0\u00bb4px\u00a0\u00bb _i=\u00a0\u00bb0&Prime; _address=\u00a0\u00bb0.0&Prime;][et_pb_column type=\u00a0\u00bb1_2&Prime; _builder_version=\u00a0\u00bb3.29.2&Prime; _i=\u00a0\u00bb0&Prime; _address=\u00a0\u00bb0.0.0&Prime;][et_pb_text _builder_version=\u00a0\u00bb3.29.2&Prime; min_height=\u00a0\u00bb470px\u00a0\u00bb custom_padding=\u00a0\u00bb|||59px||\u00a0\u00bb hover_enabled=\u00a0\u00bb0&Prime; _i=\u00a0\u00bb0&Prime; _address=\u00a0\u00bb0.0.0.0&Prime;]<\/p>\n<p>\ud83c\udf43\u00a0Apprendre \u00e0 prendre soin de soi naturellement &#8211; A la d\u00e9couverte des outils du soin \u00e0 soi et des plantes m\u00e9dicinales avec Juliette Montier, naturopathe.<\/p>\n<p><strong>Samedi 1er juin 2024 &#8211; Les outils naturels du soin \u00e0 soi<\/strong><\/p>\n<p>&#8211; cultiver la terre et cultiver l\u2019humain &#8211; pr\u00e9sentation de la permaculture\u00b0 introduction \u00e0 la naturopathie \u00b0 hygi\u00e8ne de vie : reconnaitre vos ressources et vos limites pour savoir prendre soin de vous<\/p>\n<p>&#8211; exercices de retour au corps et d&rsquo;\u00e9tirements<\/p>\n<p>&#8211; les bases de la nutrition sant\u00e9 &#8211; chacun apporte un plat \u00e0 partager<\/p>\n<p>&#8211; exercices d&rsquo;auto-massage et de retour \u00e0 soi<\/p>\n<p>&#8211; le baton d\u2019helium &#8211; la coop\u00e9ration<\/p>\n<p>&#8211; exercice d\u2019\u00e9coute active entre participants<\/p>\n<p><strong>Dimanche 2 juin 2024 &#8211; A la d\u00e9couverte des plantes m\u00e9dicinales<\/strong><\/p>\n<p>&#8211; introduction \u00e0 la botanique<\/p>\n<p>&#8211; apprendre \u00e0 observer<\/p>\n<p>&#8211; d\u00e9crire les plantes du jardin<\/p>\n<p>&#8211; comprendre la structure d\u2019un v\u00e9g\u00e9tal<\/p>\n<p>&#8211; suite nutrition sant\u00e9 &#8211; chacun apporte un plat \u00e0 partager<\/p>\n<p>&#8211; d\u00e9couvrir les formes gal\u00e9niques utilis\u00e9es en herboristerie traditionnelle\u00b0 apprendre \u00e0 faire une alcoolature de plantes s\u00e8ches et une alcoolature de plantes fraiches<\/p>\n<p>&#8211; apprendre \u00e0 composer une tisane au go\u00fbt d\u00e9licieux<\/p>\n<p>&#8211; bilan de formation<\/p>\n<p>[\/et_pb_text][et_pb_divider _builder_version=\u00a0\u00bb3.29.2&Prime; _i=\u00a0\u00bb1&Prime; _address=\u00a0\u00bb0.0.0.1&Prime;][\/et_pb_divider][et_pb_text _builder_version=\u00a0\u00bb3.29.2&Prime; width=\u00a0\u00bb95.7%\u00a0\u00bb custom_padding=\u00a0\u00bb|||55px|false|false\u00a0\u00bb hover_enabled=\u00a0\u00bb0&Prime; _i=\u00a0\u00bb2&Prime; _address=\u00a0\u00bb0.0.0.2&Prime;]<\/p>\n<p>Modalit\u00e9s :<\/p>\n<p>Prix : 160\u20ac + adh\u00e9sion \u00e0 prix libre<\/p>\n<p>\u2709\ufe0f Contact de la formatrice :<\/p>\n<p><span>contact@juliette-montier-naturopathe.fr<\/span><\/p>\n<p>Si vous souhaitez vous inscrire :<\/p>\n<p>Adh\u00e9rer :<br \/> Prix libre<br \/> <a href=\"https:\/\/www.helloasso.com\/associations\/ostara-france\/adhesions\/ostara-2021\">https:\/\/www.helloasso.com\/associations\/ostara-france\/adhesions\/ostara-2021<\/a><\/p>\n<p>Inscription :<\/p>\n<p><a href=\"https:\/\/www.helloasso.com\/associations\/ostara-france\/evenements\/initiation-a-la-naturopathie-et-a-l-herboristerie\">https:\/\/www.helloasso.com\/associations\/ostara-france\/evenements\/initiation-a-la-naturopathie-et-a-l-herboristerie<\/a><\/p>\n<p>&nbsp;<\/p>\n<p>[\/et_pb_text][\/et_pb_column][et_pb_column type=\u00a0\u00bb1_2&Prime; _builder_version=\u00a0\u00bb3.29.2&Prime; _i=\u00a0\u00bb1&Prime; _address=\u00a0\u00bb0.0.1&Prime;][et_pb_image src=\u00a0\u00bbhttps:\/\/ostara-france.org\/wp-content\/uploads\/2020\/08\/atelier-ostara.jpg\u00a0\u00bb _builder_version=\u00a0\u00bb3.29.2&Prime; min_height=\u00a0\u00bb496px\u00a0\u00bb custom_padding=\u00a0\u00bb||61px|||\u00a0\u00bb hover_enabled=\u00a0\u00bb0&Prime; _i=\u00a0\u00bb0&Prime; _address=\u00a0\u00bb0.0.1.0&Prime;][\/et_pb_image][et_pb_text _builder_version=\u00a0\u00bb3.29.2&Prime; hover_enabled=\u00a0\u00bb0&Prime;]<\/p>\n<p><strong>Cette initiation vous permettra de :<\/strong><\/p>\n<p>\u2013 mieux comprendre le lien entre permaculture et naturopathie,<\/p>\n<p>\u2013 acqu\u00e9rir les bases de la naturopathie,\u2013 vous sensibiliser au soin \u00e0 soi naturel,\u2013 identifier vos potentiels et besoins actuels,\u2013 vous donner des outils pratiques \u00e0 utiliser au quotidien,\u2013 reconnaitre une s\u00e9lection de plantes m\u00e9dicinales,<\/p>\n<p>\u2013 apprendre \u00e0 faire des alcoolatures et composer vos tisanes,\u2013 \u00eatre plus \u00e0 l\u2019\u00e9coute de vous-m\u00eame et des autres,\u2013 \u00eatre plus pr\u00e9sent aux choses,\u2013 tendre vers plus d\u2019autonomie et de libert\u00e9.<\/p>\n<p>Cette initiation n\u2019est pas un suivi personnalis\u00e9 (ni en naturopathie ni en phytoth\u00e9rapie). Elle a pour objectif d\u2019initier toute personne \u00e0 prendre soin de soi et gagner en autonomie quotidienne.<\/p>\n<p>[\/et_pb_text][et_pb_text _builder_version=\u00a0\u00bb3.29.2&Prime; hover_enabled=\u00a0\u00bb0&Prime; _i=\u00a0\u00bb1&Prime; _address=\u00a0\u00bb0.0.1.1&Prime;]<\/p>\n<p>\ud83d\udccdLIEU<br \/> Permalab d&rsquo;Ostara<br \/> 37 rue Saint Pierre de Vaise, LYON<\/p>\n<p>\ud83d\udd58HORAIRE<\/p>\n<p>Samedi 1er et Dimanche 2 juin de 9h \u00e0\u00a0 17h<\/p>\n<p>\ud83d\ude80TRANSPORTS<br \/> Gare de Lyon &#8211; Part Dieu Ligne D &#8211; Station Valmy Bus C6,C14, 31<\/p>\n<p>[\/et_pb_text][\/et_pb_column][\/et_pb_row][et_pb_row admin_label=\u00a0\u00bbrow\u00a0\u00bb _builder_version=\u00a0\u00bb3.25&Prime; background_size=\u00a0\u00bbinitial\u00a0\u00bb background_position=\u00a0\u00bbtop_left\u00a0\u00bb background_repeat=\u00a0\u00bbrepeat\u00a0\u00bb min_height=\u00a0\u00bb1754px\u00a0\u00bb _i=\u00a0\u00bb1&Prime; _address=\u00a0\u00bb0.1&Prime;][et_pb_column type=\u00a0\u00bb4_4&Prime; _builder_version=\u00a0\u00bb3.25&Prime; custom_padding=\u00a0\u00bb|||\u00a0\u00bb _i=\u00a0\u00bb0&Prime; _address=\u00a0\u00bb0.1.0&Prime; custom_padding__hover=\u00a0\u00bb|||\u00a0\u00bb][et_pb_text _builder_version=\u00a0\u00bb3.29.2&Prime; text_font_size=\u00a0\u00bb37px\u00a0\u00bb text_orientation=\u00a0\u00bbcenter\u00a0\u00bb _i=\u00a0\u00bb0&Prime; _address=\u00a0\u00bb0.1.0.0&Prime;]<\/p>\n<p>1 &#8211; Adh\u00e9rer<\/p>\n<p>[\/et_pb_text][et_pb_code _builder_version=\u00a0\u00bb3.29.2&Prime; _i=\u00a0\u00bb1&Prime; _address=\u00a0\u00bb0.1.0.1&Prime;]<iframe id=\"haWidget\" allowtransparency=\"true\" scrolling=\"auto\" src=\"https:\/\/www.helloasso.com\/associations\/ostara-france\/adhesions\/ostara-2021\/widget\" style=\"width: 100%; height: 750px; border: none;\"><\/iframe>[\/et_pb_code][et_pb_text _builder_version=\u00a0\u00bb3.29.2&Prime; text_font_size=\u00a0\u00bb37px\u00a0\u00bb text_orientation=\u00a0\u00bbcenter\u00a0\u00bb _i=\u00a0\u00bb2&Prime; _address=\u00a0\u00bb0.1.0.2&Prime;]<\/p>\n<p>2- S&rsquo;inscrire<\/p>\n<p>[\/et_pb_text][et_pb_code _builder_version=\u00a0\u00bb3.29.2&Prime; hover_enabled=\u00a0\u00bb0&Prime; _i=\u00a0\u00bb3&Prime; _address=\u00a0\u00bb0.1.0.3&Prime;]<iframe id=\"haWidget\" allowtransparency=\"true\" scrolling=\"auto\" src=\"https:\/\/www.helloasso.com\/associations\/ostara-france\/evenements\/initiation-a-la-naturopathie-et-a-l-herboristerie\/widget\" style=\"width: 100%; height: 750px; border: none;\"><\/iframe>[\/et_pb_code][\/et_pb_column][\/et_pb_row][\/et_pb_section]<\/p>\n","protected":false},"excerpt":{"rendered":"<p>[et_pb_section fb_built=\u00a0\u00bb1&Prime; _builder_version=\u00a0\u00bb3.29.2&Prime; background_color=\u00a0\u00bbrgba(0,0,0,0)\u00a0\u00bb custom_padding=\u00a0\u00bb||46px|||\u00a0\u00bb locked=\u00a0\u00bboff\u00a0\u00bb fb_built=\u00a0\u00bb1&Prime; _i=\u00a0\u00bb0&Prime; _address=\u00a0\u00bb0&Prime;][et_pb_row column_structure=\u00a0\u00bb1_2,1_2&Prime; _builder_version=\u00a0\u00bb3.29.2&Prime; background_color=\u00a0\u00bb#f7f7f7&Prime; width=\u00a0\u00bb96%\u00a0\u00bb min_height=\u00a0\u00bb774px\u00a0\u00bb custom_margin=\u00a0\u00bb-30px||||false|false\u00a0\u00bb custom_padding=\u00a0\u00bb||0px|||\u00a0\u00bb border_radii=\u00a0\u00bbon|5px|5px|5px|5px\u00a0\u00bb box_shadow_style=\u00a0\u00bbpreset1&Prime; box_shadow_vertical=\u00a0\u00bb0px\u00a0\u00bb box_shadow_blur=\u00a0\u00bb4px\u00a0\u00bb _i=\u00a0\u00bb0&Prime; _address=\u00a0\u00bb0.0&Prime;][et_pb_column type=\u00a0\u00bb1_2&Prime; _builder_version=\u00a0\u00bb3.29.2&Prime; _i=\u00a0\u00bb0&Prime; _address=\u00a0\u00bb0.0.0&Prime;][et_pb_text _builder_version=\u00a0\u00bb3.29.2&Prime; min_height=\u00a0\u00bb470px\u00a0\u00bb custom_padding=\u00a0\u00bb|||59px||\u00a0\u00bb hover_enabled=\u00a0\u00bb0&Prime; [&hellip;]<\/p>\n","protected":false},"author":1,"featured_media":0,"template":"","meta":{"_et_pb_use_builder":"","_et_pb_old_content":"","_tribe_events_status":"","_tribe_events_status_reason":"","footnotes":""},"tags":[],"tribe_events_cat":[],"class_list":["post-3708","tribe_events","type-tribe_events","status-publish","hentry"],"_links":{"self":[{"href":"https:\/\/ostara-france.org\/index.php\/wp-json\/wp\/v2\/tribe_events\/3708","targetHints":{"allow":["GET"]}}],"collection":[{"href":"https:\/\/ostara-france.org\/index.php\/wp-json\/wp\/v2\/tribe_events"}],"about":[{"href":"https:\/\/ostara-france.org\/index.php\/wp-json\/wp\/v2\/types\/tribe_events"}],"author":[{"embeddable":true,"href":"https:\/\/ostara-france.org\/index.php\/wp-json\/wp\/v2\/users\/1"}],"version-history":[{"count":9,"href":"https:\/\/ostara-france.org\/index.php\/wp-json\/wp\/v2\/tribe_events\/3708\/revisions"}],"predecessor-version":[{"id":3730,"href":"https:\/\/ostara-france.org\/index.php\/wp-json\/wp\/v2\/tribe_events\/3708\/revisions\/3730"}],"wp:attachment":[{"href":"https:\/\/ostara-france.org\/index.php\/wp-json\/wp\/v2\/media?parent=3708"}],"wp:term":[{"taxonomy":"post_tag","embeddable":true,"href":"https:\/\/ostara-france.org\/index.php\/wp-json\/wp\/v2\/tags?post=3708"},{"taxonomy":"tribe_events_cat","embeddable":true,"href":"https:\/\/ostara-france.org\/index.php\/wp-json\/wp\/v2\/tribe_events_cat?post=3708"}],"curies":[{"name":"wp","href":"https:\/\/api.w.org\/{rel}","templated":true}]}}

Initiation à la naturopathie et à l’herboristerie &#8211; 2 jours

<p>[et_pb_section fb_built= »1&Prime; _builder_version= »3.29.2&Prime; background_color= »rgba(0,0,0,0) » custom_padding= »||46px||| » locked= »off » fb_built= »1&Prime; _i= »0&Prime; _address= »0&Prime;][et_pb_row column_structure= »1_2,1_2&Prime; _builder_version= »3.29.2&Prime; background_color= »#f7f7f7&Prime; width= »96% » min_height= »774px » custom_margin= »-30px||||false|false » custom_padding= »||0px||| » border_radii= »on|5px|5px|5px|5px » box_shadow_style= »preset1&Prime; box_shadow_vertical= »0px » box_shadow_blur= »4px » _i= »0&Prime; _address= »0.0&Prime;][et_pb_column type= »1_2&Prime; _builder_version= »3.29.2&Prime; _i= »0&Prime; _address= »0.0.0&Prime;][et_pb_text _builder_version= »3.29.2&Prime; min_height= »470px » custom_padding= »|||59px|| » hover_enabled= »0&Prime; _i= »0&Prime; _address= »0.0.0.0&Prime;]</p>
<p>🍃 Apprendre à prendre soin de soi naturellement &#8211; A la découverte des outils du soin à soi et des plantes médicinales avec Juliette Montier, naturopathe.</p>
<p><strong>Samedi 1er juin 2024 &#8211; Les outils naturels du soin à soi</strong></p>
<p>&#8211; cultiver la terre et cultiver l’humain &#8211; présentation de la permaculture° introduction à la naturopathie ° hygiène de vie : reconnaitre vos ressources et vos limites pour savoir prendre soin de vous</p>
<p>&#8211; exercices de retour au corps et d&rsquo;étirements</p>
<p>&#8211; les bases de la nutrition santé &#8211; chacun apporte un plat à partager</p>
<p>&#8211; exercices d&rsquo;auto-massage et de retour à soi</p>
<p>&#8211; le baton d’helium &#8211; la coopération</p>
<p>&#8211; exercice d’écoute active entre participants</p>
<p><strong>Dimanche 2 juin 2024 &#8211; A la découverte des plantes médicinales</strong></p>
<p>&#8211; introduction à la botanique</p>
<p>&#8211; apprendre à observer</p>
<p>&#8211; décrire les plantes du jardin</p>
<p>&#8211; comprendre la structure d’un végétal</p>
<p>&#8211; suite nutrition santé &#8211; chacun apporte un plat à partager</p>
<p>&#8211; découvrir les formes galéniques utilisées en herboristerie traditionnelle° apprendre à faire une alcoolature de plantes sèches et une alcoolature de plantes fraiches</p>
<p>&#8211; apprendre à composer une tisane au goût délicieux</p>
<p>&#8211; bilan de formation</p>
<p>[/et_pb_text][et_pb_divider _builder_version= »3.29.2&Prime; _i= »1&Prime; _address= »0.0.0.1&Prime;][/et_pb_divider][et_pb_text _builder_version= »3.29.2&Prime; width= »95.7% » custom_padding= »|||55px|false|false » hover_enabled= »0&Prime; _i= »2&Prime; _address= »0.0.0.2&Prime;]</p>
<p>Modalités :</p>
<p>Prix : 160€ + adhésion à prix libre</p>
<p>✉️ Contact de la formatrice :</p>
<p><span>contact@juliette-montier-naturopathe.fr</span></p>
<p>Si vous souhaitez vous inscrire :</p>
<p>Adhérer :<br /> Prix libre<br /> <a href="https://www.helloasso.com/associations/ostara-france/adhesions/ostara-2021">https://www.helloasso.com/associations/ostara-france/adhesions/ostara-2021</a></p>
<p>Inscription :</p>
<p><a href="https://www.helloasso.com/associations/ostara-france/evenements/initiation-a-la-naturopathie-et-a-l-herboristerie">https://www.helloasso.com/associations/ostara-france/evenements/initiation-a-la-naturopathie-et-a-l-herboristerie</a></p>
<p>&nbsp;</p>
<p>[/et_pb_text][/et_pb_column][et_pb_column type= »1_2&Prime; _builder_version= »3.29.2&Prime; _i= »1&Prime; _address= »0.0.1&Prime;][et_pb_image src= »https://ostara-france.org/wp-content/uploads/2020/08/atelier-ostara.jpg » _builder_version= »3.29.2&Prime; min_height= »496px » custom_padding= »||61px||| » hover_enabled= »0&Prime; _i= »0&Prime; _address= »0.0.1.0&Prime;][/et_pb_image][et_pb_text _builder_version= »3.29.2&Prime; hover_enabled= »0&Prime;]</p>
<p><strong>Cette initiation vous permettra de :</strong></p>
<p>– mieux comprendre le lien entre permaculture et naturopathie,</p>
<p>– acquérir les bases de la naturopathie,– vous sensibiliser au soin à soi naturel,– identifier vos potentiels et besoins actuels,– vous donner des outils pratiques à utiliser au quotidien,– reconnaitre une sélection de plantes médicinales,</p>
<p>– apprendre à faire des alcoolatures et composer vos tisanes,– être plus à l’écoute de vous-même et des autres,– être plus présent aux choses,– tendre vers plus d’autonomie et de liberté.</p>
<p>Cette initiation n’est pas un suivi personnalisé (ni en naturopathie ni en phytothérapie). Elle a pour objectif d’initier toute personne à prendre soin de soi et gagner en autonomie quotidienne.</p>
<p>[/et_pb_text][et_pb_text _builder_version= »3.29.2&Prime; hover_enabled= »0&Prime; _i= »1&Prime; _address= »0.0.1.1&Prime;]</p>
<p>📍LIEU<br /> Permalab d&rsquo;Ostara<br /> 37 rue Saint Pierre de Vaise, LYON</p>
<p>🕘HORAIRE</p>
<p>Samedi 1er et Dimanche 2 juin de 9h à  17h</p>
<p>🚀TRANSPORTS<br /> Gare de Lyon &#8211; Part Dieu Ligne D &#8211; Station Valmy Bus C6,C14, 31</p>
<p>[/et_pb_text][/et_pb_column][/et_pb_row][et_pb_row admin_label= »row » _builder_version= »3.25&Prime; background_size= »initial » background_position= »top_left » background_repeat= »repeat » min_height= »1754px » _i= »1&Prime; _address= »0.1&Prime;][et_pb_column type= »4_4&Prime; _builder_version= »3.25&Prime; custom_padding= »||| » _i= »0&Prime; _address= »0.1.0&Prime; custom_padding__hover= »||| »][et_pb_text _builder_version= »3.29.2&Prime; text_font_size= »37px » text_orientation= »center » _i= »0&Prime; _address= »0.1.0.0&Prime;]</p>
<p>1 &#8211; Adhérer</p>
<p>[/et_pb_text][et_pb_code _builder_version= »3.29.2&Prime; _i= »1&Prime; _address= »0.1.0.1&Prime;]<iframe id="haWidget" allowtransparency="true" scrolling="auto" src="https://www.helloasso.com/associations/ostara-france/adhesions/ostara-2021/widget" style="width: 100%; height: 750px; border: none;"></iframe>[/et_pb_code][et_pb_text _builder_version= »3.29.2&Prime; text_font_size= »37px » text_orientation= »center » _i= »2&Prime; _address= »0.1.0.2&Prime;]</p>
<p>2- S&rsquo;inscrire</p>
<p>[/et_pb_text][et_pb_code _builder_version= »3.29.2&Prime; hover_enabled= »0&Prime; _i= »3&Prime; _address= »0.1.0.3&Prime;]<iframe id="haWidget" allowtransparency="true" scrolling="auto" src="https://www.helloasso.com/associations/ostara-france/evenements/initiation-a-la-naturopathie-et-a-l-herboristerie/widget" style="width: 100%; height: 750px; border: none;"></iframe>[/et_pb_code][/et_pb_column][/et_pb_row][/et_pb_section]</p>
