{"id":3375,"date":"2022-01-17T12:57:17","date_gmt":"2022-01-17T12:57:17","guid":{"rendered":"https:\/\/ostara-france.org\/?page_id=3375"},"modified":"2023-06-07T07:39:06","modified_gmt":"2023-06-07T07:39:06","slug":"a-la-decouverte-du-permalab-dostara","status":"publish","type":"page","link":"https:\/\/ostara-france.org\/index.php\/a-la-decouverte-du-permalab-dostara\/","title":{"rendered":"A la d\u00e9couverte du Permalab d&rsquo;Ostara"},"content":{"rendered":"<p>[et_pb_section fb_built=\u00a0\u00bb1&Prime; _builder_version=\u00a0\u00bb3.29.2&Prime; fb_built=\u00a0\u00bb1&Prime; _i=\u00a0\u00bb0&Prime; _address=\u00a0\u00bb0&Prime;][et_pb_row _builder_version=\u00a0\u00bb3.29.2&Prime; _i=\u00a0\u00bb0&Prime; _address=\u00a0\u00bb0.0&Prime;][et_pb_column type=\u00a0\u00bb4_4&Prime; _builder_version=\u00a0\u00bb3.29.2&Prime; _i=\u00a0\u00bb0&Prime; _address=\u00a0\u00bb0.0.0&Prime;][et_pb_text _builder_version=\u00a0\u00bb3.29.2&Prime; header_2_text_color=\u00a0\u00bb#12876f\u00a0\u00bb header_2_font_size=\u00a0\u00bb44px\u00a0\u00bb _i=\u00a0\u00bb0&Prime; _address=\u00a0\u00bb0.0.0.0&Prime;]<\/p>\n<h2>A la d\u00e9couverte du Permalab d&rsquo;Ostara<\/h2>\n<p>[\/et_pb_text][\/et_pb_column][\/et_pb_row][et_pb_row column_structure=\u00a0\u00bb3_5,2_5&Prime; _builder_version=\u00a0\u00bb3.29.2&Prime; _i=\u00a0\u00bb1&Prime; _address=\u00a0\u00bb0.1&Prime;][et_pb_column type=\u00a0\u00bb3_5&Prime; _builder_version=\u00a0\u00bb3.29.2&Prime; _i=\u00a0\u00bb0&Prime; _address=\u00a0\u00bb0.1.0&Prime;][et_pb_text _builder_version=\u00a0\u00bb3.29.2&Prime; hover_enabled=\u00a0\u00bb0&Prime; _i=\u00a0\u00bb0&Prime; _address=\u00a0\u00bb0.1.0.0&Prime;]<\/p>\n<p>Ca vole, \u00e7a rampe et \u00e7a grignote dans le Permalab d&rsquo;Ostara ! C\u2019est normal dans un jardin rempli de vie parfois insoup\u00e7onn\u00e9e. Les enfants d\u00e9couvrent en partie cette faune souvent tr\u00e8s utile au jardinier. Ils apprennent comment la favoriser et ne pas lui nuire mais aussi comment utiliser les plantes au quotidien.<\/p>\n<p>&nbsp;<\/p>\n<p><strong>Objectifs p\u00e9dagogiques :<\/strong><\/p>\n<p>\u25ce D\u00e9couverte des principes de la permaculture<br \/> \u25ce D\u00e9velopper le sens de l&rsquo;observation<br \/> \u25ce Comprendre un \u00e9cosyst\u00e8me et la biodiversit\u00e9<br \/> \u25ce Mobiliser ses sens (odorat, toucher, vue, \u00e9coute, go\u00fbt)<br \/> \u25ce Ecouter la nature &amp; la ville<br \/> \u25ce Acqu\u00e9rir des connaissances en nutrition<br \/> \u25ce Acqu\u00e9rir des connaissances de petits soins naturels<\/p>\n<p>&nbsp;<\/p>\n<p><strong>Modalit\u00e9s :<\/strong><\/p>\n<p><span style=\"text-decoration: underline;\"><strong>Groupe scolaire<\/strong><\/span> : 30 enfants maximum<\/p>\n<p><span style=\"text-decoration: underline;\"><strong>Age<\/strong><\/span> : 6-12 ans<\/p>\n<p><span><span style=\"text-decoration: underline;\"><strong>Nombre d\u2019accompagnants de votre \u00e9cole<\/strong><\/span> : 1 accompagnateur pour 10 enfants minimum (soit 3 pour une classe de 30 enfants)<\/span><\/p>\n<p><span><span style=\"text-decoration: underline;\"><strong>Dur\u00e9e<\/strong><\/span> : 1h15<\/span><\/p>\n<p><span><span style=\"text-decoration: underline;\"><strong>Intervenante<\/strong><\/span> : Juliette Montier Naturopathe &#8211;\u00a0contact@juliette-montier-naturopathe.fr<\/span><\/p>\n<p><span><span style=\"text-decoration: underline;\"><strong>Adresse<\/strong> <\/span>: Le Permalab d&rsquo;Ostara &#8211; 37\/39 rue Saint Pierre de Vaise, 69009 LYON<\/span><\/p>\n<p><span style=\"text-decoration: underline;\"><strong>Tarification<\/strong><\/span> : Gratuit &#8211; pour les dates propos\u00e9es sur notre site.<\/p>\n<p><strong>Pour cette session de juin 2023, nous pourrons accueillir qu&rsquo;une classe par \u00e9tablissement maximum.<\/strong><\/p>\n<p><a href=\"https:\/\/www.helloasso.com\/associations\/ostara-france\/adhesions\/ostara-2021\"><span><span style=\"text-decoration: underline;\"><strong>Adh\u00e9sion de groupe obligatoire\u00a0pour chaque groupe scolaire<\/strong><\/span><\/span><\/a><\/p>\n<p>En dehors de ses dates et pour des demandes particuli\u00e8res veuillez contacter directement notre intervenante Juliette Montier<\/p>\n<p>[\/et_pb_text][\/et_pb_column][et_pb_column type=\u00a0\u00bb2_5&Prime; _builder_version=\u00a0\u00bb3.29.2&Prime; _i=\u00a0\u00bb1&Prime; _address=\u00a0\u00bb0.1.1&Prime;][et_pb_image src=\u00a0\u00bbhttps:\/\/ostara-france.org\/wp-content\/uploads\/2021\/11\/atelier-enfant-permaculture-1.jpeg\u00a0\u00bb _builder_version=\u00a0\u00bb3.29.2&Prime; _i=\u00a0\u00bb0&Prime; _address=\u00a0\u00bb0.1.1.0&Prime;][\/et_pb_image][\/et_pb_column][\/et_pb_row][et_pb_row _builder_version=\u00a0\u00bb3.29.2&Prime; _i=\u00a0\u00bb2&Prime; _address=\u00a0\u00bb0.2&Prime;][et_pb_column type=\u00a0\u00bb4_4&Prime; _builder_version=\u00a0\u00bb3.29.2&Prime; _i=\u00a0\u00bb0&Prime; _address=\u00a0\u00bb0.2.0&Prime;][et_pb_button button_url=\u00a0\u00bbhttps:\/\/www.helloasso.com\/associations\/ostara-france\/evenements\/visite-du-permalab-d-ostara-groupe-scolaire-2023&Prime; url_new_window=\u00a0\u00bbon\u00a0\u00bb button_text=\u00a0\u00bbR\u00e9servez en ligne\u00a0\u00bb _builder_version=\u00a0\u00bb3.29.2&Prime; _i=\u00a0\u00bb0&Prime; _address=\u00a0\u00bb0.2.0.0&Prime;][\/et_pb_button][\/et_pb_column][\/et_pb_row][\/et_pb_section]<\/p>\n","protected":false},"excerpt":{"rendered":"<p>[et_pb_section fb_built=\u00a0\u00bb1&Prime; _builder_version=\u00a0\u00bb3.29.2&Prime; fb_built=\u00a0\u00bb1&Prime; _i=\u00a0\u00bb0&Prime; _address=\u00a0\u00bb0&Prime;][et_pb_row _builder_version=\u00a0\u00bb3.29.2&Prime; _i=\u00a0\u00bb0&Prime; _address=\u00a0\u00bb0.0&Prime;][et_pb_column type=\u00a0\u00bb4_4&Prime; _builder_version=\u00a0\u00bb3.29.2&Prime; _i=\u00a0\u00bb0&Prime; _address=\u00a0\u00bb0.0.0&Prime;][et_pb_text _builder_version=\u00a0\u00bb3.29.2&Prime; header_2_text_color=\u00a0\u00bb#12876f\u00a0\u00bb header_2_font_size=\u00a0\u00bb44px\u00a0\u00bb _i=\u00a0\u00bb0&Prime; _address=\u00a0\u00bb0.0.0.0&Prime;] A la d\u00e9couverte du Permalab d&rsquo;Ostara [\/et_pb_text][\/et_pb_column][\/et_pb_row][et_pb_row column_structure=\u00a0\u00bb3_5,2_5&Prime; _builder_version=\u00a0\u00bb3.29.2&Prime; _i=\u00a0\u00bb1&Prime; _address=\u00a0\u00bb0.1&Prime;][et_pb_column type=\u00a0\u00bb3_5&Prime; [&hellip;]<\/p>\n","protected":false},"author":1,"featured_media":0,"parent":0,"menu_order":0,"comment_status":"closed","ping_status":"closed","template":"","meta":{"_et_pb_use_builder":"on","_et_pb_old_content":"","footnotes":""},"class_list":["post-3375","page","type-page","status-publish","hentry"],"_links":{"self":[{"href":"https:\/\/ostara-france.org\/index.php\/wp-json\/wp\/v2\/pages\/3375","targetHints":{"allow":["GET"]}}],"collection":[{"href":"https:\/\/ostara-france.org\/index.php\/wp-json\/wp\/v2\/pages"}],"about":[{"href":"https:\/\/ostara-france.org\/index.php\/wp-json\/wp\/v2\/types\/page"}],"author":[{"embeddable":true,"href":"https:\/\/ostara-france.org\/index.php\/wp-json\/wp\/v2\/users\/1"}],"replies":[{"embeddable":true,"href":"https:\/\/ostara-france.org\/index.php\/wp-json\/wp\/v2\/comments?post=3375"}],"version-history":[{"count":9,"href":"https:\/\/ostara-france.org\/index.php\/wp-json\/wp\/v2\/pages\/3375\/revisions"}],"predecessor-version":[{"id":3611,"href":"https:\/\/ostara-france.org\/index.php\/wp-json\/wp\/v2\/pages\/3375\/revisions\/3611"}],"wp:attachment":[{"href":"https:\/\/ostara-france.org\/index.php\/wp-json\/wp\/v2\/media?parent=3375"}],"curies":[{"name":"wp","href":"https:\/\/api.w.org\/{rel}","templated":true}]}}