{"id":113,"date":"2019-12-13T20:37:45","date_gmt":"2019-12-13T20:37:45","guid":{"rendered":"https:\/\/ostara-france.org\/?page_id=113"},"modified":"2026-01-15T16:51:33","modified_gmt":"2026-01-15T16:51:33","slug":"formations","status":"publish","type":"page","link":"https:\/\/ostara-france.org\/index.php\/formations\/","title":{"rendered":"Formations"},"content":{"rendered":"<p>[et_pb_section fb_built=\u00a0\u00bb1&Prime; _builder_version=\u00a0\u00bb3.29.2&Prime; custom_margin=\u00a0\u00bb||-55px|||\u00a0\u00bb fb_built=\u00a0\u00bb1&Prime; _i=\u00a0\u00bb0&Prime; _address=\u00a0\u00bb0&Prime;][et_pb_row _builder_version=\u00a0\u00bb3.29.2&Prime; _i=\u00a0\u00bb0&Prime; _address=\u00a0\u00bb0.0&Prime;][et_pb_column type=\u00a0\u00bb4_4&Prime; _builder_version=\u00a0\u00bb3.29.2&Prime; _i=\u00a0\u00bb0&Prime; _address=\u00a0\u00bb0.0.0&Prime;][et_pb_text _builder_version=\u00a0\u00bb3.29.2&Prime; text_font_size=\u00a0\u00bb36px\u00a0\u00bb text_line_height=\u00a0\u00bb1.8em\u00a0\u00bb _i=\u00a0\u00bb0&Prime; _address=\u00a0\u00bb0.0.0.0&Prime;]<\/p>\n<p>Les initiations et formations Permaculture<\/p>\n<p>[\/et_pb_text][et_pb_text _builder_version=\u00a0\u00bb3.29.2&Prime; _i=\u00a0\u00bb1&Prime; _address=\u00a0\u00bb0.0.0.1&Prime;]<\/p>\n<h3>Retrouvez toutes nos dates d&rsquo;ateliers et formations se d\u00e9roulant au Permalab d&rsquo;Ostrara dans notre page <a href=\"https:\/\/ostara-france.org\/index.php\/calendrier-formations-permaculture\/\">Calendrier.<\/a><\/h3>\n<p>Pour toutes demandes de groupe (associations, entreprises, MJC, centres sociaux, groupes scolaires), veuillez nous envoyer un mail \u00e0 permalab.ostara(@)gmail.com<\/p>\n<p>[\/et_pb_text][\/et_pb_column][\/et_pb_row][\/et_pb_section][et_pb_section fb_built=\u00a0\u00bb1&Prime; _builder_version=\u00a0\u00bb3.29.2&Prime; fb_built=\u00a0\u00bb1&Prime; _i=\u00a0\u00bb1&Prime; _address=\u00a0\u00bb1&Prime;][et_pb_row column_structure=\u00a0\u00bb1_3,1_3,1_3&Prime; _builder_version=\u00a0\u00bb3.29.2&Prime; _i=\u00a0\u00bb0&Prime; _address=\u00a0\u00bb1.0&Prime;][et_pb_column type=\u00a0\u00bb1_3&Prime; _builder_version=\u00a0\u00bb3.29.2&Prime; _i=\u00a0\u00bb0&Prime; _address=\u00a0\u00bb1.0.0&Prime;][et_pb_blurb title=\u00a0\u00bbInitiation Permaculture \u00a0\u00bb image=\u00a0\u00bbhttps:\/\/ostara-france.org\/wp-content\/uploads\/2022\/08\/design-cours-perma.png\u00a0\u00bb _builder_version=\u00a0\u00bb3.29.2&Prime; link_option_url=\u00a0\u00bbhttps:\/\/ostara-france.org\/index.php\/initiation\/\u00a0\u00bb _i=\u00a0\u00bb0&Prime; _address=\u00a0\u00bb1.0.0.0&Prime;]2 jours[\/et_pb_blurb][\/et_pb_column][et_pb_column type=\u00a0\u00bb1_3&Prime; _builder_version=\u00a0\u00bb3.29.2&Prime; _i=\u00a0\u00bb1&Prime; _address=\u00a0\u00bb1.0.1&Prime;][et_pb_blurb title=\u00a0\u00bbFormations \u00e9co-construction\u00a0\u00bb url=\u00a0\u00bbhttps:\/\/ostara-france.org\/index.php\/cours-design-de-projets-en-permaculture\/\u00a0\u00bb image=\u00a0\u00bbhttps:\/\/ostara-france.org\/wp-content\/uploads\/2024\/09\/Wicking-bed-scaled.jpg\u00a0\u00bb _builder_version=\u00a0\u00bb3.29.2&Prime; _i=\u00a0\u00bb0&Prime; _address=\u00a0\u00bb1.0.1.0&Prime;]<\/p>\n<p>3 modules<\/p>\n<p>[\/et_pb_blurb][\/et_pb_column][et_pb_column type=\u00a0\u00bb1_3&Prime; _builder_version=\u00a0\u00bb3.29.2&Prime; _i=\u00a0\u00bb2&Prime; _address=\u00a0\u00bb1.0.2&Prime;][et_pb_blurb title=\u00a0\u00bbAteliers potager sans arrosage\u00a0\u00bb image=\u00a0\u00bbhttps:\/\/ostara-france.org\/wp-content\/uploads\/2022\/08\/1.png\u00a0\u00bb _builder_version=\u00a0\u00bb3.29.2&Prime; link_option_url=\u00a0\u00bbhttps:\/\/ostara-france.org\/index.php\/formation-pratique\/\u00a0\u00bb _i=\u00a0\u00bb0&Prime; _address=\u00a0\u00bb1.0.2.0&Prime;]<\/p>\n<p>7 modules\u00a0<\/p>\n<p>[\/et_pb_blurb][\/et_pb_column][\/et_pb_row][\/et_pb_section][et_pb_section fb_built=\u00a0\u00bb1&Prime; _builder_version=\u00a0\u00bb3.29.2&Prime; custom_margin=\u00a0\u00bb||-55px|||\u00a0\u00bb locked=\u00a0\u00bboff\u00a0\u00bb fb_built=\u00a0\u00bb1&Prime; _i=\u00a0\u00bb2&Prime; _address=\u00a0\u00bb2&Prime;][et_pb_row _builder_version=\u00a0\u00bb3.29.2&Prime; _i=\u00a0\u00bb0&Prime; _address=\u00a0\u00bb2.0&Prime;][et_pb_column type=\u00a0\u00bb4_4&Prime; _builder_version=\u00a0\u00bb3.29.2&Prime; _i=\u00a0\u00bb0&Prime; _address=\u00a0\u00bb2.0.0&Prime;][et_pb_text _builder_version=\u00a0\u00bb3.29.2&Prime; text_font_size=\u00a0\u00bb36px\u00a0\u00bb _i=\u00a0\u00bb0&Prime; _address=\u00a0\u00bb2.0.0.0&Prime;]<\/p>\n<p>Les ateliers bien-\u00eatre<\/p>\n<p>[\/et_pb_text][\/et_pb_column][\/et_pb_row][et_pb_row column_structure=\u00a0\u00bb1_3,1_3,1_3&Prime; _builder_version=\u00a0\u00bb3.29.2&Prime; _i=\u00a0\u00bb1&Prime; _address=\u00a0\u00bb2.1&Prime;][et_pb_column type=\u00a0\u00bb1_3&Prime; _builder_version=\u00a0\u00bb3.29.2&Prime; _i=\u00a0\u00bb0&Prime; _address=\u00a0\u00bb2.1.0&Prime;][et_pb_blurb title=\u00a0\u00bbAtelier d&rsquo;introduction \u00e0 la cueillette et \u00e0 la transformation des plantes m\u00e9dicinales \u00a0\u00bb image=\u00a0\u00bbhttps:\/\/ostara-france.org\/wp-content\/uploads\/2021\/01\/cosmetic-2357981_1920.jpg\u00a0\u00bb _builder_version=\u00a0\u00bb3.29.2&Prime; link_option_url=\u00a0\u00bbhttps:\/\/ostara-france.org\/index.php\/les-petits-soins-naturels\/\u00a0\u00bb _i=\u00a0\u00bb0&Prime; _address=\u00a0\u00bb2.1.0.0&Prime;]<\/p>\n<p>1h30<\/p>\n<p>[\/et_pb_blurb][\/et_pb_column][et_pb_column type=\u00a0\u00bb1_3&Prime; _builder_version=\u00a0\u00bb3.29.2&Prime; _i=\u00a0\u00bb1&Prime; _address=\u00a0\u00bb2.1.1&Prime;][et_pb_blurb title=\u00a0\u00bbAtelier lacto-fermentation : \u00e0 la d\u00e9couverte de l&rsquo;alimentation vivante\u00a0\u00bb image=\u00a0\u00bbhttps:\/\/ostara-france.org\/wp-content\/uploads\/2020\/08\/home-canning-4653058_1920.jpg\u00a0\u00bb _builder_version=\u00a0\u00bb3.29.2&Prime; link_option_url=\u00a0\u00bbhttps:\/\/ostara-france.org\/index.php\/initiation-permaculture-humaine\/\u00a0\u00bb _i=\u00a0\u00bb0&Prime; _address=\u00a0\u00bb2.1.1.0&Prime;]<\/p>\n<p>1h30<\/p>\n<p>[\/et_pb_blurb][\/et_pb_column][et_pb_column type=\u00a0\u00bb1_3&Prime; _builder_version=\u00a0\u00bb3.29.2&Prime; _i=\u00a0\u00bb2&Prime; _address=\u00a0\u00bb2.1.2&Prime;][et_pb_blurb title=\u00a0\u00bbInitiation \u00e0 la Permaculture Humaine et \u00e0 la Naturopathie\u00a0\u00bb image=\u00a0\u00bbhttps:\/\/ostara-france.org\/wp-content\/uploads\/2022\/08\/5.png\u00a0\u00bb _builder_version=\u00a0\u00bb3.29.2&Prime; link_option_url=\u00a0\u00bbhttps:\/\/ostara-france.org\/index.php\/week-end-naturopathie-et-permaculture\/\u00a0\u00bb _i=\u00a0\u00bb0&Prime; _address=\u00a0\u00bb2.1.2.0&Prime;]2 jours[\/et_pb_blurb][\/et_pb_column][\/et_pb_row][\/et_pb_section]<\/p>\n","protected":false},"excerpt":{"rendered":"<p>[et_pb_section fb_built=\u00a0\u00bb1&Prime; _builder_version=\u00a0\u00bb3.29.2&Prime; custom_margin=\u00a0\u00bb||-55px|||\u00a0\u00bb fb_built=\u00a0\u00bb1&Prime; _i=\u00a0\u00bb0&Prime; _address=\u00a0\u00bb0&Prime;][et_pb_row _builder_version=\u00a0\u00bb3.29.2&Prime; _i=\u00a0\u00bb0&Prime; _address=\u00a0\u00bb0.0&Prime;][et_pb_column type=\u00a0\u00bb4_4&Prime; _builder_version=\u00a0\u00bb3.29.2&Prime; _i=\u00a0\u00bb0&Prime; _address=\u00a0\u00bb0.0.0&Prime;][et_pb_text _builder_version=\u00a0\u00bb3.29.2&Prime; text_font_size=\u00a0\u00bb36px\u00a0\u00bb text_line_height=\u00a0\u00bb1.8em\u00a0\u00bb _i=\u00a0\u00bb0&Prime; _address=\u00a0\u00bb0.0.0.0&Prime;] Les initiations et formations Permaculture [\/et_pb_text][et_pb_text _builder_version=\u00a0\u00bb3.29.2&Prime; _i=\u00a0\u00bb1&Prime; _address=\u00a0\u00bb0.0.0.1&Prime;] Retrouvez toutes [&hellip;]<\/p>\n","protected":false},"author":1,"featured_media":0,"parent":0,"menu_order":0,"comment_status":"closed","ping_status":"closed","template":"","meta":{"_et_pb_use_builder":"on","_et_pb_old_content":"","footnotes":""},"class_list":["post-113","page","type-page","status-publish","hentry"],"_links":{"self":[{"href":"https:\/\/ostara-france.org\/index.php\/wp-json\/wp\/v2\/pages\/113","targetHints":{"allow":["GET"]}}],"collection":[{"href":"https:\/\/ostara-france.org\/index.php\/wp-json\/wp\/v2\/pages"}],"about":[{"href":"https:\/\/ostara-france.org\/index.php\/wp-json\/wp\/v2\/types\/page"}],"author":[{"embeddable":true,"href":"https:\/\/ostara-france.org\/index.php\/wp-json\/wp\/v2\/users\/1"}],"replies":[{"embeddable":true,"href":"https:\/\/ostara-france.org\/index.php\/wp-json\/wp\/v2\/comments?post=113"}],"version-history":[{"count":49,"href":"https:\/\/ostara-france.org\/index.php\/wp-json\/wp\/v2\/pages\/113\/revisions"}],"predecessor-version":[{"id":4332,"href":"https:\/\/ostara-france.org\/index.php\/wp-json\/wp\/v2\/pages\/113\/revisions\/4332"}],"wp:attachment":[{"href":"https:\/\/ostara-france.org\/index.php\/wp-json\/wp\/v2\/media?parent=113"}],"curies":[{"name":"wp","href":"https:\/\/api.w.org\/{rel}","templated":true}]}}